git of 93/(-6)*3/(-2)*o?
3
Let r(o) = -5*o**3 - 14*o**2 - 30*o - 23. What is the hundreds digit of r(-10)?
8
Let g(u) = -u**3 - 7*u**2 - u - 2. Let d be g(-7). Let o be (-6)/4*8/(-6). Suppose o*m + 2*f = 22, 3*f - f = d*m - 27. What is the units digit of m?
7
Let a(s) = 17*s**3 - 261*s**2 + 16*s - 25. What is the ten thousands digit of a(21)?
4
Let c = -431 + 982. Suppose 2*q = -m + c, 1107 = 3*q + q + m. Let l = 555 - q. What is the hundreds digit of l?
2
Let j(w) = 46*w**2 - 311*w - 56. What is the thousands digit of j(24)?
8
Suppose -1280972 = -18*k - 8*k - 51*k. What is the ten thousands digit of k?
1
Let w = 1416 + -395. Suppose -315 = -z + 2*p, 5*z - 570 = 2*p + w. What is the tens digit of z?
1
What is the tens digit of (-50045)/(-8) - (-678)/1808?
5
Suppose 25*z = -144*z + 326677. What is the hundreds digit of z?
9
Let o be 12*((-18)/(-36) - (-1)/(-6)). Suppose -123 = -p + r + o*r, 5*p = 2*r + 615. What is the tens digit of p?
2
Let r = 6 + -1. Suppose 2*b + b + 3*n = 51, -r*b + 77 = 3*n. Suppose b*y = 16*y - 159. What is the tens digit of y?
5
What is the ten thousands digit of -7 + 13 + 31311/2 + (-1)/(-2)?
1
What is the thousands digit of ((-6)/8 - -5*35553/12)*1?
4
Suppose 0 = 7*n + 10089 - 1871. Let w = n + 2472. What is the hundreds digit of w?
2
Let v(m) = 2*m**2 - 2*m - 2. Let k be v(-2). Suppose -k*u + 6 + 124 = 0. Suppose 34 = u*n - 96. What is the units digit of n?
0
Let a(y) = y**3 - 3. Let o be a(2). Suppose 104 = -o*d + 6*d. Suppose -d + 14 = -6*c. What is the tens digit of c?
1
Suppose -h = 39*z - 44*z - 30, -3*z - 30 = -h. Suppose -h*i + 9301 = -4589. What is the hundreds digit of i?
4
Let o(k) = -113*k + 589. What is the tens digit of o(-2)?
1
Suppose -4*z + 16 = 0, -548 = 5*i + 4*z - 6*z. Let u(w) = -31*w + 1. Let x be u(5). Let q = i - x. What is the units digit of q?
6
Let u = 176738 - -19117. What is the units digit of 4/6*u/110?
7
Let u(a) = -109*a - a**2 + 3 + 105*a - 8. Let z be u(-4). What is the hundreds digit of 16/(-40) - 702/z?
1
Suppose -39*m = -37*m + b - 112319, 3*m - 5*b - 168498 = 0. What is the hundreds digit of m?
1
Suppose -1338 = 3*v - 1365. Suppose 6150 = 4*w + w. Suppose -w = -a - v*a. What is the tens digit of a?
2
Let n be 16/(-20)*(-30)/4. Let t be 228/20 - (-3)/5. Suppose 8*k = n*k + t. What is the units digit of k?
6
Let q(r) = r**3 + r**2 + 4*r + 3. Let d be q(0). Suppose -4*b + 4 = -8*b, -b = -d*g + 2674. What is the units digit of g?
1
Let i = 94156 - 63563. What is the hundreds digit of i?
5
What is the units digit of (-6)/(-63)*35*3*(-4467)/(-2)?
5
Let a = 600 + -610. Let y(z) = -129*z - 10. What is the thousands digit of y(a)?
1
Suppose 0 = a - 3*y - 83, -a - 72*y + 76*y + 78 = 0. Let o = 3 - 0. Suppose v - o*v = -a. What is the units digit of v?
9
Let v = 3710 + 395. What is the hundreds digit of v?
1
Let o(l) = -l**2 + 14*l - 27. Let h be o(12). Let f be (-723)/(-6) + h + (-12)/8. Suppose -4*x + f = -4. What is the units digit of x?
0
Let d be 4 - (-1 - (-44 - (-2 - 0))). Let l = 251 - d. What is the units digit of l?
8
Suppose -3*a - 3*f + 264 = 0, 2 + 1 = 3*f. Let w = a - 20. What is the units digit of w?
7
Let f = -183 - -219. What is the units digit of (-3 - (-100)/f) + 11564/36?
1
Let s(q) = 2185*q + 165. Let c be s(7). Suppose 44*u = 29860 + c. What is the units digit of u?
0
Let f be 2/(-6)*(200/(-5) - -7). Suppose 2*t - 4*q + f = q, -2*t - 5 = -3*q. Suppose t*y - 3*x = 5*y - 159, 121 = 2*y - x. What is the tens digit of y?
5
Let p be 10/6 + -2 + 238/102. What is the units digit of (6 + 60)/(p/3)?
9
Suppose -3*f = -3*s + 58833, 263*s - 2*f = 259*s + 78432. What is the tens digit of s?
0
Suppose 0 = 37*m - 263 - 70. Suppose 2*h - 4*r = 1084, -m*r + 1124 = 2*h - 5*r. What is the units digit of h?
2
Suppose 8*d = 12*d. Suppose -v - 2*v + 135 = d. Suppose 6*n = 7*n - v. What is the units digit of n?
5
Suppose 8*d + 9423 = 4*h + 3*d, 4*h - 9433 = -5*d. Let a = -1633 + h. What is the tens digit of a?
2
Let y(b) = -3*b + 53. Let d be y(17). Suppose 12*r + d*r = 4032. What is the hundreds digit of r?
2
Let l be (10 + -9)/(1*1/(-5)). What is the tens digit of (2992/(-170))/(1/l)?
8
Let q = -29518 - -56340. What is the ten thousands digit of q?
2
Let l(c) be the third derivative of c**6/8 + c**5/60 - c**4/8 + 2*c**3/3 - 26*c**2. Suppose 2*k = 2*j - 12, -5*k = 3*j + 11 + 3. What is the tens digit of l(j)?
2
Suppose -603 = -16*y + 37. Let z = y + 341. What is the tens digit of z?
8
Suppose 0 = 4*n + 10*c - 15*c - 43, 2*n = 5*c + 29. Let g(f) be the third derivative of 41*f**4/24 - 4*f**3 + 8*f**2. What is the units digit of g(n)?
3
Let f = 5081 + -1588. What is the hundreds digit of f?
4
What is the thousands digit of (35724/(-10))/(60/(-150))?
8
Let x(g) = 39*g**2 + 13*g + 60. What is the tens digit of x(-16)?
3
Let v(h) = 2*h - 107 + 38 + 5*h**2 + 39 + 44. What is the units digit of v(5)?
9
Let l = -142 + 172. Suppose l*j - 40*j + 7250 = 0. What is the hundreds digit of j?
7
Suppose 2*f - 6*f - 1606 = -3*l, -810 = 2*f - 5*l. What is the hundreds digit of f/(-24)*(-189)/(-14)?
2
Let k be 10/2 - 8 - -1 - -2607. Suppose k = 4*g - o, 2*g - 517 - 790 = -o. What is the hundreds digit of g?
6
Suppose -17*w + 107161 = -105752 + 13724. What is the thousands digit of w?
1
Let o(d) = -30*d**3 + 17*d**2 + 25*d + 12. What is the hundreds digit of o(-5)?
0
Let b(g) = 77*g + 68. Let a = -131 + 136. What is the units digit of b(a)?
3
Suppose 2*b - 1734 = -t, -16*t - 2*b = -18*t + 3498. What is the hundreds digit of t?
7
Let b(a) = 601*a**2 - 86*a - 402. What is the hundreds digit of b(-5)?
0
Suppose 39 = -6*v + 15. Let i(w) = 78*w**2 + 5*w. What is the units digit of i(v)?
8
Suppose 29 = -3*n + 44. Suppose -n*d - d = -390. Suppose -h + 198 = 2*j - d, j + 3*h = 134. What is the units digit of j?
1
Let c(f) = f**3 + 6*f**2 - 8. Let n be c(-5). Suppose 0 = n*k - 5*k - 14568. What is the units digit of 16/128 + k/16?
6
Let k = 21567 - 13727. What is the thousands digit of k?
7
Suppose 67*n - 272745 = 28*n + 20*n. What is the hundreds digit of n?
3
Suppose 1221*t - 1223*t = 5*b - 96977, 4*b = -3*t + 145448. What is the ten thousands digit of t?
4
Let z be (-6 + (-24)/(-5))/(2/(-40)). What is the tens digit of z*(3/(-12))/(1/(-5))?
3
Let c(b) = b**3 - 2*b**2 + 292. Let z = -25 - -28. Suppose 2*d + 8*w - 11*w = 0, 5*d = z*w. What is the tens digit of c(d)?
9
Let v = 109 - 96. Suppose -l = -v*l + 5172. What is the hundreds digit of l?
4
Let g(t) = -4857*t - 46. What is the tens digit of g(-2)?
6
What is the units digit of (-9)/5*80/24 - -5842?
6
Let r(p) = 22*p**2 - p - 749. What is the thousands digit of r(-37)?
9
Let f be (-9)/24*4*4/3. Let i be 9 - 10/(4 + f). What is the tens digit of (-3)/((8 - i) + 1054/(-262))?
3
Suppose 0 = -4*k - 6*a + 2*a + 54252, -67827 = -5*k - 7*a. What is the units digit of k?
7
Suppose 0 = 53*y - 21*y + 128. Let v = 22 - 8. Let m = v - y. What is the tens digit of m?
1
Let q(y) = 9 - 46*y**2 - 15*y - 7*y**3 - 20 + 32*y**2. What is the units digit of q(-4)?
3
Suppose 62*l = 66*l - 16. Suppose l*o + 4887 = 13*o. What is the hundreds digit of o?
5
Let l(k) = -k**3 - 22*k**2 - k - 20. Let r be l(-22). Suppose r*f + 39 = 4*q + 13, -14 = -q + 3*f. Suppose -q*x + 300 = -x. What is the tens digit of x?
7
Let p(r) = -r**3 + 55*r**2 + 125*r - 149. What is the hundreds digit of p(39)?
0
Let t be ((-19280)/25)/2 - (-12)/20. Let y = t - -688. What is the units digit of y?
3
Let m(y) = -y**3 + 5*y**2 - 3*y + 3. Let g be m(2). Suppose 112*q - 74*q - 55176 = 0. Suppose 2*b - q = -g*b. What is the hundreds digit of b?
1
Suppose i + 3*z - 48 = -4, -170 = -5*i - 5*z. Let k(g) = 7*g - 117. What is the tens digit of k(i)?
8
Suppose 4*m + g - 355423 = 0, -5*g + 16367 = 5*m - 427878. What is the thousands digit of m?
8
Suppose 3840 = n - 4*k - 2024, -5*n - 5*k + 29270 = 0. What is the hundreds digit of n?
8
Let a(v) = -v**3 - 12*v**2 + 3*v + 46. Let p be a(-12). Suppose -4*g - 6*o - 8 = -2*o, 5*o + p = g. What is the units digit of ((2 - g) + -1)/(2/502)?
1
Let y = -47 - -52. Suppose -3*o - 5*b + 27 = 0, -5*o = -7*b + 2*b - y. Suppose s = -2*d + 5*d - 71, -o*d + 5*s = -102. What is the units digit of d?
3
Let o = -54021 + 89818. What is the ten thousands digit of o?
3
Let f = -63 - -93. Let g(m) 